hen 682 is divided by 59?
33
Calculate the remainder when 9199 is divided by 13.
8
Calculate the remainder when 27133 is divided by 13534.
65
Calculate the remainder when 80129 is divided by 1382.
1355
What is the remainder when 93621 is divided by 277?
272
What is the remainder when 66432 is divided by 66308?
124
What is the remainder when 46912 is divided by 37?
33
What is the remainder when 23201 is divided by 511?
206
Calculate the remainder when 122268 is divided by 3.
0
What is the remainder when 51314 is divided by 733?
4
What is the remainder when 344554 is divided by 590?
584
Calculate the remainder when 9803 is divided by 3264.
11
What is the remainder when 48856 is divided by 45?
31
Calculate the remainder when 2347 is divided by 1811.
536
Calculate the remainder when 1732507 is divided by 48.
43
What is the remainder when 9129 is divided by 9088?
41
Calculate the remainder when 14814 is divided by 38.
32
Calculate the remainder when 6345 is divided by 1585.
5
Calculate the remainder when 4357495 is divided by 293.
292
What is the remainder when 7967 is divided by 185?
12
What is the remainder when 130508 is divided by 960?
908
What is the remainder when 107262 is divided by 256?
254
What is the remainder when 1503 is divided by 383?
354
What is the remainder when 3955600 is divided by 51?
40
What is the remainder when 8302 is divided by 692?
690
Calculate the remainder when 36673 is divided by 151.
131
What is the remainder when 18309 is divided by 21?
18
Calculate the remainder when 58965 is divided by 126.
123
What is the remainder when 66114 is divided by 33053?
8
Calculate the remainder when 30515 is divided by 29814.
701
Calculate the remainder when 6755 is divided by 750.
5
What is the remainder when 103229 is divided by 581?
392
Calculate the remainder when 4949 is divided by 628.
553
Calculate the remainder when 32278 is divided by 530.
478
What is the remainder when 1059 is divided by 281?
216
What is the remainder when 5650 is divided by 388?
218
Calculate the remainder when 2993 is divided by 952.
137
What is the remainder when 20742 is divided by 46?
42
Calculate the remainder when 10855 is divided by 9.
1
Calculate the remainder when 1406 is divided by 294.
230
Calculate the remainder when 475 is divided by 348.
127
What is the remainder when 1410947 is divided by 12?
11
What is the remainder when 9305 is divided by 216?
17
What is the remainder when 101306 is divided by 589?
587
Calculate the remainder when 28776 is divided by 68.
12
Calculate the remainder when 3797 is divided by 449.
205
Calculate the remainder when 376973 is divided by 5.
3
What is the remainder when 1500 is divided by 42?
30
Calculate the remainder when 259388 is divided by 47.
42
What is the remainder when 449417 is divided by 21?
17
Calculate the remainder when 1498834 is divided by 58.
56
What is the remainder when 46016 is divided by 80?
16
Calculate the remainder when 201104 is divided by 7448.
8
Calculate the remainder when 76013 is divided by 5427.
35
What is the remainder when 4934 is divided by 1637?
23
What is the remainder when 7658 is divided by 17?
8
What is the remainder when 13454558 is divided by 1172?
1170
What is the remainder when 234321 is divided by 31?
23
What is the remainder when 70857 is divided by 276?
201
What is the remainder when 1802 is divided by 1353?
449
What is the remainder when 13043 is divided by 6512?
19
What is the remainder when 2044 is divided by 622?
178
What is the remainder when 73036 is divided by 141?
139
What is the remainder when 21904 is divided by 13?
12
What is the remainder when 5817 is divided by 14?
7
Calculate the remainder when 42138 is divided by 218.
64
What is the remainder when 629 is divided by 40?
29
Calculate the remainder when 233215 is divided by 58303.
3
Calculate the remainder when 126718 is divided by 11519.
9
What is the remainder when 1005113 is divided by 41?
39
What is the remainder when 4479 is divided by 376?
343
Calculate the remainder when 317572 is divided by 79389.
16
What is the remainder when 815419 is divided by 16641?
10
Calculate the remainder when 1183 is divided by 804.
379
What is the remainder when 112614 is divided by 56306?
2
Calculate the remainder when 10917 is divided by 2180.
17
What is the remainder when 50893 is divided by 43?
24
What is the remainder when 17947 is divided by 36?
19
Calculate the remainder when 4583 is divided by 470.
353
Calculate the remainder when 3070 is divided by 287.
200
Calculate the remainder when 40438 is divided by 17.
12
What is the remainder when 4633 is divided by 11?
2
What is the remainder when 126491 is divided by 63082?
327
What is the remainder when 6442 is divided by 4?
2
Calculate the remainder when 3912 is divided by 1138.
498
Calculate the remainder when 18239 is divided by 2269.
87
Calculate the remainder when 8142 is divided by 330.
222
Calculate the remainder when 20542 is divided by 437.
3
Calculate the remainder when 5310 is divided by 5299.
11
What is the remainder when 8317 is divided by 1659?
22
What is the remainder when 37478 is divided by 122?
24
What is the remainder when 1088 is divided by 291?
215
What is the remainder when 65726 is divided by 26?
24
What is the remainder when 42395 is divided by 1247?
1244
Calculate the remainder when 158343 is divided by 74.
57
What is the remainder when 3150 is divided by 625?
25
What is the remainder when 71381 is divided by 184?
173
Calculate the remainder when 9096 is divided by 144.
24
Calculate the remainder when 180195 is divided by 641.
74
Calculate the remainder when 67598 is divided by 657.
584
What is the remainder when 15350 is divided by 14971?
379
What is the remainder when 2994939 is divided by 69?
63
Calculate the remainder when 12277 is divided by 372.
1
What is the remainder when 1178 is divided by 207?
143
What is the remainder when 93924 is divided by 497?
488
Calculate the remainder when 12450 is divided by 2471.
95
What is the remainder when 54364 is divided by 18107?
43
Calculate the remainder when 2871 is divided by 260.
11
Calculate the remainder when 2153 is divided by 1073.
7
What is the remainder when 1795147 is divided by 934?
933
Calculate the remainder when 4784 is divided by 19.
15
Calculate the remainder when 558781 is divided by 11.
3
Calculate the remainder when 7386 is divided by 53.
19
What is the remainder when 63694 is divided by 356?
326
What is the remainder when 11974 is divided by 376?
318
What is the remainder when 3174 is divided by 389?
62
What is the remainder when 1435 is divided by 141?
25
What is the remainder when 3746 is divided by 1244?
14
What is the remainder when 188 is divided by 50?
38
Calculate the remainder when 11004 is divided by 297.
15
What is the remainder when 28193 is divided by 9376?
65
What is the remainder when 685420 is divided by 241?
16
What is the remainder when 619113 is divided by 2113?
4
Calculate the remainder when 196782 is divided by 1131.
1119
Calculate the remainder when 10387 is divided by 1982.
477
What is the remainder when 21891 is divided by 19?
3
Calculate the remainder when 1875 is divided by 591.
102
What is the remainder when 4690 is divided by 482?
352
What is the remainder when 5924 is divided by 125?
49
What is the remainder when 677195 is divided by 40?
35
Calculate the remainder when 5902 is divided by 51.
37
Calculate the remainder when 837 is divided by 404.
29
What is the remainder when 537551 is divided by 15358?
21
Calculate the remainder when 2070 is divided by 10.
0
Calculate the remainder when 1247 is divided by 110.
37
Calculate the remainder when 63240 is divided by 326.
322
Calculate the remainder when 1767 is divided by 577.
36
Calculate the remainder when 3298 is divided by 33.
31
Calculate the remainder when 16153 is divided by 2307.
4
Calculate the remainder when 8132 is divided by 140.
12
Calculate the remainder when 37913 is divided by 18.
5
Calculate the remainder when 4378 is divided by 601.
171
Calculate the remainder when 461457 is divided by 81.
0
Calculate the remainder when 106682 is divided by 6275.
7
What is the remainder when 272406 is divided by 78?
30
What is the remainder when 6040 is divided by 5833?
207
What is the remainder when 20843